{"id":2,"date":"2010-06-22T20:29:05","date_gmt":"2010-06-22T20:29:05","guid":{"rendered":"http:\/\/www.evildressmaker.com\/?page_id=2"},"modified":"2026-04-05T00:39:11","modified_gmt":"2026-04-04T21:39:11","slug":"about","status":"publish","type":"page","link":"http:\/\/www.evildressmaker.com\/?page_id=2","title":{"rendered":"About"},"content":{"rendered":"\n<p><span style=\"color: #008080;\"><strong>Min\u00e4<\/strong><\/span><br>Blogissa h\u00e4\u00e4r\u00e4\u00e4 vintageen, kansallispukuihin, pukuhistoriaan, harrastusten ker\u00e4ilyyn ja maalaisel\u00e4m\u00e4\u00e4n hurahtanut em\u00e4nt\u00e4. Toisinaan taustalla vilahtaa yllytyshullu is\u00e4nt\u00e4 eli &#8220;the grumpy old man&#8221; ja kolme omap\u00e4ist\u00e4 karvakaveria: Lux, Yoda ja Rico. Yli 120-vuotias hirsitalomme Havum\u00e4ki seisoo m\u00e4ell\u00e4, keskell\u00e4 kaunista maalaismaisemaa Sastamalassa Kiikoisten kyl\u00e4ss\u00e4.<\/p>\n\n\n\n<p><span style=\"color: #008080;\"><strong>Blogi<br><\/strong><\/span>Evil Dressmaker syntyi vahingossa. Tuttava kysyi vitsin\u00e4, pistelenk\u00f6 asiakkaita nuppineuloilla? Vastasin kyll\u00e4, sill\u00e4 olen &#8220;evil dressmaker&#8221;. Blogi syntyi hieman my\u00f6hemmin, vaikka olinkin puoli vuotta aiemmin vannonut etten koskaan ala blogata. Lifestyle-blogissani postaan vintagel\u00f6yd\u00f6ist\u00e4, k\u00e4sit\u00f6ist\u00e4, historianel\u00e4v\u00f6ityksest\u00e4, puutarhanhoidosta, kissoista, remontoinnista, omavaraistelusta ja satunnaisesti monesta muusta randomista asiasta. Mukaan mahtuu my\u00f6s tutoriaaleja jotka l\u00f6ytyv\u00e4t oman valikon alta. Juttutoiveita toteutan aina kun ehdin.&nbsp;<\/p>\n\n\n\n<p><span style=\"color: #008080;\"><strong>Teko\u00e4ly<\/strong><\/span><br>Blogin sis\u00e4ll\u00f6n tuotannossa ei k\u00e4ytet\u00e4 teko\u00e4ly\u00e4. Kuvat ja tekstit ovat omiani eik\u00e4 niiden tekemiseen ole k\u00e4ytetty teko\u00e4ly\u00e4. Englanninkieliset k\u00e4\u00e4nn\u00f6kset on tehty teko\u00e4ly-pohjaisen k\u00e4\u00e4nn\u00f6sohjelman avustuksella ty\u00f6n nopeuttamiseksi. Englanninkieliset tekstit on kuitenkin k\u00e4\u00e4nn\u00f6ksen j\u00e4lkeen tarkistettu ja tarvittaessa muokattu vastaamaan omaa kielenk\u00e4ytt\u00f6\u00e4ni.<\/p>\n\n\n\n<p><span style=\"color: #008080;\"><strong>Valokuvat<\/strong><\/span><br>Valokuvat ovat omiani, ellei toisin mainittu. Niiden ja tekstin k\u00e4ytt\u00f6\u00e4 koskee&nbsp;&nbsp;<strong><a href=\"http:\/\/creativecommons.org\/licenses\/by-nc-sa\/3.0\/deed.fi\">Creative Commons Nime\u00e4-Ep\u00e4kaupallinen-Tarttuva 3.0 Muokkaamaton-lisenssill\u00e4<\/a>. Mik\u00e4li haluat k\u00e4ytt\u00e4\u00e4 kuviani muussa kuin ei-kaupallisessa tarkoituksessa, ota yhteytt\u00e4 etuk\u00e4teen s\u00e4hk\u00f6postitse.<\/strong><\/p>\n\n\n\n<p><strong>Kuva t\u00e4ll\u00e4 sivulla: Juha Jokinen, kuvan k\u00e4ytt\u00f6 ilman lupaa kielletty.<\/strong><\/p>\n\n\n<div class=\"wp-block-image\">\n<figure class=\"aligncenter\"><a href=\"https:\/\/i0.wp.com\/www.evildressmaker.com\/wp-content\/uploads\/2013\/11\/inenglish.gif\"><img data-recalc-dims=\"1\" loading=\"lazy\" decoding=\"async\" width=\"214\" height=\"100\" src=\"https:\/\/i0.wp.com\/www.evildressmaker.com\/wp-content\/uploads\/2013\/11\/inenglish.gif?resize=214%2C100\" alt=\"inenglish\" class=\"wp-image-7004\"\/><\/a><\/figure><\/div>\n\n\n<p class=\"has-text-align-center\"><span style=\"color: #993366;\"><strong><\/strong><\/span><\/p>\n\n\n\n<p><span style=\"color: #008080;\"><strong>Me<\/strong><\/span><br>This blog is playgound for a lady who&#8217;s into vintage, national costumes, costume history, collecting hobbies and countryside life. Sometimes at the background you might see the glimpse of Hubbu, &#8220;The grumpy old man&#8221; and three furry frieds: Lux, Yoda and Rico. Our over 120 years old house Pinehill, stands on a hill, surrounded by pictoresque country side, in a small village of Kiikoinen, Sastamala.<\/p>\n\n\n\n<p><span style=\"color: #008080;\"><strong>Blog<br><\/strong><\/span>The Evil Dressmaker was born by accident. My friend asked&nbsp; if I poke customers with needles? I said yes, because I am evil dressmaker. Blog was created later, even though only six months earlier I swore I will never start blogging. In this lifestyle-blog of mine I post about vintage finds, handcrafts, historical re-enactment, gardening, cats, our loghouse, self-sufficiency and all sorts of random stuff. Posts also include tutorials which will be under their own tab. I&#8217;m happy to do posts on requested issues when ever I have time.&nbsp;<\/p>\n\n\n\n<p><span style=\"color: #008080;\"><strong>AI<\/strong><\/span><br>AI has not been used to produce the content of this blog. Photos and texts are by me. English translations are made with the help of AI-based translation program to speed things up a bit. However English texts have been re-checked and edited after the translation, to match my way of writing if and when needed.<\/p>\n\n\n\n<p><span style=\"color: #008080;\"><strong>Photos<\/strong><\/span><br>Photos are mine, unless mentioned otherwise. Use of my photos and text is under&nbsp;<strong style=\"color: #008080;\">&nbsp;<a style=\"outline: 0px;\" rel=\"noopener\" href=\"http:\/\/creativecommons.org\/licenses\/by-nc\/3.0\/\" target=\"_blank\"><span style=\"color: #008080;\">Creative Commons Attribution-Noncommercial 3.0 Unported- licence<\/span><\/a>. If you want to use my photos in other than non-commercial use, please contact me via email before using them.&nbsp;<\/strong><\/p>\n\n\n\n<p><strong>Photo on this page: Juha Jokinen, copyright 2018, use not permitted<\/strong><\/p>\n\n\n\n<p class=\"has-text-align-center\">&nbsp;<\/p>\n","protected":false},"excerpt":{"rendered":"<p>Min\u00e4Blogissa h\u00e4\u00e4r\u00e4\u00e4 vintageen, kansallispukuihin, pukuhistoriaan, harrastusten ker\u00e4ilyyn ja maalaisel\u00e4m\u00e4\u00e4n hurahtanut em\u00e4nt\u00e4. Toisinaan taustalla vilahtaa yllytyshullu is\u00e4nt\u00e4 eli &#8220;the grumpy old man&#8221; ja kolme omap\u00e4ist\u00e4 karvakaveria: Lux, Yoda ja Rico. Yli 120-vuotias hirsitalomme Havum\u00e4ki seisoo m\u00e4ell\u00e4, keskell\u00e4 kaunista maalaismaisemaa Sastamalassa Kiikoisten kyl\u00e4ss\u00e4. BlogiEvil Dressmaker syntyi vahingossa. Tuttava kysyi vitsin\u00e4, pistelenk\u00f6 asiakkaita nuppineuloilla? Vastasin kyll\u00e4, sill\u00e4 olen&#8230; <\/p>\n<div class=\"link-more\"><a href=\"http:\/\/www.evildressmaker.com\/?page_id=2\">Read More<\/a><\/div>\n","protected":false},"author":1,"featured_media":15704,"parent":0,"menu_order":4,"comment_status":"open","ping_status":"open","template":"","meta":{"jetpack_post_was_ever_published":false,"footnotes":""},"class_list":["post-2","page","type-page","status-publish","has-post-thumbnail","hentry"],"jetpack_shortlink":"https:\/\/wp.me\/P2H8as-2","jetpack_sharing_enabled":true,"jetpack_likes_enabled":true,"_links":{"self":[{"href":"http:\/\/www.evildressmaker.com\/index.php?rest_route=\/wp\/v2\/pages\/2","targetHints":{"allow":["GET"]}}],"collection":[{"href":"http:\/\/www.evildressmaker.com\/index.php?rest_route=\/wp\/v2\/pages"}],"about":[{"href":"http:\/\/www.evildressmaker.com\/index.php?rest_route=\/wp\/v2\/types\/page"}],"author":[{"embeddable":true,"href":"http:\/\/www.evildressmaker.com\/index.php?rest_route=\/wp\/v2\/users\/1"}],"replies":[{"embeddable":true,"href":"http:\/\/www.evildressmaker.com\/index.php?rest_route=%2Fwp%2Fv2%2Fcomments&post=2"}],"version-history":[{"count":29,"href":"http:\/\/www.evildressmaker.com\/index.php?rest_route=\/wp\/v2\/pages\/2\/revisions"}],"predecessor-version":[{"id":20261,"href":"http:\/\/www.evildressmaker.com\/index.php?rest_route=\/wp\/v2\/pages\/2\/revisions\/20261"}],"wp:featuredmedia":[{"embeddable":true,"href":"http:\/\/www.evildressmaker.com\/index.php?rest_route=\/wp\/v2\/media\/15704"}],"wp:attachment":[{"href":"http:\/\/www.evildressmaker.com\/index.php?rest_route=%2Fwp%2Fv2%2Fmedia&parent=2"}],"curies":[{"name":"wp","href":"https:\/\/api.w.org\/{rel}","templated":true}]}}